et d(z) = z**2 + 3*z**2 + 1 - 1. Determine d(v).
4
Let d(w) = -1181*w**3 + 2361*w**3 - 1 - 1179*w**3 + 3*w**2 - 2*w - 9*w**2. Give d(6).
-13
Let s(o) = -6*o**2 + 4*o + 13. Let v(u) = -25*u**2 + 16*u + 59. Let w(z) = 9*s(z) - 2*v(z). What is w(3)?
-25
Let c(g) = g**3 + g. Suppose 10 - 36 = -13*o. Calculate c(o).
10
Suppose -6 = 3*i, 11 = -4*n + 2*i - 17. Let x(f) = -f**3 - 9*f**2 - 8*f - 7. Give x(n).
-7
Let n(d) = -d. Let x(c) = c**2 + 15*c + 26. Let g be x(-13). Let k = -6 - -8. Let f = g - k. Calculate n(f).
2
Let a(z) = -z**3 - 5*z**2 + 8*z + 6. Suppose 8 = -2*w - 4*f + 34, w = 4*f + 1. Suppose -w = -3*s - 27. Calculate a(s).
-6
Suppose 5*n - 90 = 40. Let g(m) = 3*m - 85. Let q be g(n). Let k(s) = -s + 7. What is k(q)?
14
Let j(i) = i**2 + 7*i + 9. Let a be (-3)/(-7) + (-1092)/147. Determine j(a).
9
Let z(m) be the third derivative of m**5/60 + 5*m**4/12 + 7*m**3/6 - 2*m**2 + 64. Give z(-4).
-17
Suppose -5*h - 2*q = -44, 5*h - 11*q = -16*q + 50. Let i(c) = c**2 - 3*c - 27. Calculate i(h).
13
Let m(k) be the third derivative of -k**5/60 + k**4/6 - k**3/2 - k**2. Let p = 938 + -934. Calculate m(p).
-3
Suppose -2*u + 113 = 3*q, -u + 2*q - 206 = -5*u. Let o = u - 42. Let l(x) = -x + 4. Let c(v) = v - 4. Let d(k) = 6*c(k) + 7*l(k). Give d(o).
-3
Let a(z) = -7*z**3 + 115*z**2 - 133*z - 195. Let q(b) = -b**3 + 19*b**2 - 22*b - 32. Let c(i) = -2*a(i) + 13*q(i). Calculate c(-18).
10
Suppose -7*x = 2*z - 2*x - 15, -3*x - 10 = 5*z. Let i = -7 - z. Let k(g) = g + 1. Let a(f) = -f**3 - 2*f**2 + f + 1. Let b(o) = -a(o) + 3*k(o). Give b(i).
-2
Let r(v) = -v**3 - 7*v**2 - 8*v - 5. Let f be 6/(-10)*(-8 + 13) - -11. Suppose 5*l + 10 = 0, -3*a - 6 = -2*l + f. What is r(a)?
7
Suppose 6*x - 5*x = 4. Suppose -3 = 3*b + p + 2*p, -x*b - 5*p - 1 = 0. Let i(t) = 9*t - 3. Let k(w) = 5*w - 2. Let q(z) = b*i(z) + 7*k(z). Calculate q(4).
-6
Let x(y) = -y**2 + 26*y + 794. Let g be x(44). Let f(j) = -3*j**2 + j + 8. Let v(n) = 2*n**2 - n - 7. Let b(d) = -6*f(d) - 7*v(d). What is b(g)?
19
Let o(m) be the second derivative of 2*m**3/3 - 3*m**2/2 - 16*m - 13. Let s(t) = t**2 - t - 2. Let c = -8 - -6. Let j be s(c). Calculate o(j).
13
Let l(j) = -j**3 + 14*j**2 - 15*j + 22. Let r be l(13). Let f(a) = 2*a + 4. Let v be f(r). Let u(i) = -i**3 - 3*i**2 + i - 3. Give u(v).
9
Let i(t) = t + 14. Suppose 0 = 4*a - 7*a + 2*v + 8, 3*a - 4*v + 2 = 0. Suppose -6*r = -7*r - a. Calculate i(r).
8
Let m(b) = 5*b + 4. Suppose -4*w - 24 = 5*r, 2*r - 6*r = 4*w + 20. What is m(r)?
-16
Let b(n) be the third derivative of n**4/24 - 7*n**3/6 + n**2. Suppose 25*s = 7*s + 4932. Let t = s - 268. Give b(t).
-1
Let h(d) = 1. Let v(l) = -16*l - 8. Let b(m) = -8*h(m) - v(m). Calculate b(-2).
-32
Let o(p) be the second derivative of p**3/6 + 5*p**2 - 7*p + 70. Let w(t) = t + 3. Let l be w(-3). What is o(l)?
10
Let i = 17 + -9. Let v(q) be the third derivative of q**4/24 - 11*q**3/6 - 3*q**2 + 49*q. Calculate v(i).
-3
Suppose -4*y + 14 = 2, 2*y - 2 = 2*o. Let n = 5 - 3. Let d(i) = 11*i**o - 9*i**3 - i**n - 9*i**2. Determine d(1).
-8
Let o(n) be the second derivative of n**2 + 1/20*n**5 + 1/12*n**4 - 24*n + 0 + 0*n**3. Determine o(0).
2
Suppose 0 = 16*j - 11*j - 10. Let v(x) = -11*x**3 + 17*x**3 + 4*x + 5*x**j - 5*x**3 + 7. Give v(-5).
-13
Let h(y) be the third derivative of y**5/15 + y**4/6 - y**3/3 + 54*y**2. Give h(-2).
6
Let r(x) be the second derivative of -x**5/24 - x**4/8 + 2*x**3/3 + 16*x. Let f(z) be the second derivative of r(z). Calculate f(-2).
7
Suppose 30 = -5*u + 35. Let d(p) = -u - p + 5 + 2*p. Give d(0).
4
Let w(u) = u**3 - 5*u**2 - 9*u - 8. Let v(i) = i**3 + 12*i**2 + 6*i - 48. Let z be v(-11). Calculate w(z).
27
Let q(v) be the second derivative of -v**4/24 - 4*v**3/3 - 13*v**2/2 + 12*v. Let y(b) be the first derivative of q(b). What is y(-6)?
-2
Let q(j) = -j**2 + 2*j + 10. Let s(p) = -47*p - 282. Let b be s(-6). Give q(b).
10
Let o(s) = 3 - 12 + s**2 + 8*s - 1. Let j = -309 + 302. Calculate o(j).
-17
Let i(j) = j - 1. Let n(l) = l**2 + 3*l - 2. Let u(s) = -10*i(s) + 4*n(s). Let r = -4 + 2. Determine u(r).
14
Suppose 5*l = -5*i + 150, 1 = -l + 3. Suppose -2 = -i*f + 26*f. Let n(a) = -a - a**3 + 3*a**3 + 0*a. What is n(f)?
1
Let d(g) = 7*g**3 - 34*g**2 + 19*g - 125. Let b be d(5). Let l(s) = 2 - 2*s - 1 - 2. Determine l(b).
9
Suppose 4*n - 10 = -k, 3*n + 6 = 2*n + 4*k. Let p(a) = 3*a + 0*a**3 + 5*a**n + 1 + 5*a - a**3 - 7. Give p(6).
6
Let a(n) = 7*n**3 - 4*n**2 + 5*n. Let b(d) = -46*d**3 + 25*d**2 - 31*d - 1. Let f(q) = -13*a(q) - 2*b(q). Determine f(3).
38
Let t(i) be the first derivative of i**2/2 - 2*i + 12. Let j(r) = -r + 2. Let k(s) = -5*j(s) - 4*t(s). Give k(-3).
-5
Let z be -6 + 1 + 0 - -15. Let i(b) = -9*b**2 - b**3 + 8 - z*b**2 + 0*b**3 + 13*b**2 + 2*b. What is i(-6)?
-4
Let q = -12 + 9. Let o = -8 - q. Let c(l) be the second derivative of -l**5/20 - 5*l**4/12 + l**3/6 - l**2 - 8*l. Determine c(o).
-7
Let x(b) = -3*b + 11 - 627*b**2 + 15 + 628*b**2 - 9*b. Calculate x(7).
-9
Let d be 15/2*4/5. Suppose -2*v + 235 = 5*y, -4*y = -3*y - 4*v - 25. Let p be y/20*(-16)/d. Let g(l) = l**3 + 7*l**2 + 5*l + 2. Calculate g(p).
8
Let b(f) = 2*f + 4. Let m be b(0). Suppose 0 = -3*x - 4*h - 2, 3*x - m = h + 4. Let z(w) = -4 + 1 - x*w + 1 + 0*w. Calculate z(4).
-10
Let d(i) = i**2 - 15*i + 17. Let u be (-26)/26 + (-30)/(-2). Determine d(u).
3
Let g(x) be the third derivative of 1/120*x**5 + 0*x + 0 + 5*x**2 + 0*x**4 - 5/2*x**3. Let c(d) be the first derivative of g(d). What is c(4)?
4
Let j(g) = -15*g - 8 + g**2 + 7*g + 6*g. Let i(l) = -4*l**2 + 7*l + 33. Let r(z) = 2*i(z) + 9*j(z). What is r(5)?
-1
Let k(b) be the first derivative of b**6/120 + b**5/10 + 5*b**4/24 - b**3/2 - 4*b**2 - 4. Let o(h) be the second derivative of k(h). Determine o(-5).
-3
Let i(f) = -7*f - 1. Let k = 32 - 33. Determine i(k).
6
Let o(y) = 24*y**2 - 14*y**2 - 9*y**2 + 6*y - 5. What is o(-7)?
2
Let f(k) = 4*k**2 + 6*k - 45. Let g be f(3). Let t(c) = -c**3 + 8*c**2 + 8*c + 3. Calculate t(g).
-6
Let n(i) = -9*i + 30. Let z be n(3). Let j(v) = -3*v**2 + 4*v. What is j(z)?
-15
Let v(l) = l**2 + l + 3. Let i(c) = -3*c**2 - 4*c - 9. Let o(y) = 4*i(y) + 11*v(y). Let r = 8 - 4. Suppose 9*w - 11*w = r. Give o(w).
3
Let q(d) be the third derivative of 0*d - 1/3*d**3 - 1/12*d**4 + 0 - 16*d**2. Give q(-4).
6
Let u(i) = -i + 17. Suppose -3*n - 59 = -5*m, m - n - 23 = -10. What is u(m)?
7
Let r(j) = 2*j**3 - j**2 + j - 1. Let n be r(1). Let a(v) = -142*v**2 + 14*v. Let l(k) = -52*k**2 + 5*k. Let d(c) = -4*a(c) + 11*l(c). Determine d(n).
-5
Let i(c) = -4*c**2 - 8*c - 6. Let b(z) = -z**2 + 1. Let y(t) = 3*b(t) - i(t). What is y(-7)?
2
Let n be (-177)/(-7) + 6/(-21). Suppose -5*v + 3*v = 4*d + 10, 5*v + n = -3*d. Let q(c) = c**3 - c - 3. Calculate q(d).
-3
Let k(v) be the second derivative of 1/2*v**3 + 7/12*v**4 + 0 + 4*v - 1/20*v**5 - 9/2*v**2. What is k(7)?
12
Let j(w) be the second derivative of -17*w - 3/2*w**2 - 1/12*w**4 + w**3 + 0. Determine j(4).
5
Let h(d) = d**3 - d**2 - 3*d + 5. Let b be h(2). Let y(s) = 0*s + b - 6*s + 5*s. Determine y(-5).
8
Let d(y) = 9*y**3 + 11*y**2 - 9*y - 9. Let x(r) = 5*r**3 + 7*r**2 - 5*r - 6. Let w(g) = 4*d(g) - 7*x(g). Suppose q = 5*z, 2*q - 7 = -0*q + 3*z. What is w(q)?
1
Let k(q) = q**3 + 31*q**2 + 61*q + 93. Let p be k(-29). Let j(f) = -3*f + 10. What is j(p)?
-8
Let y(a) = a**3 - 6*a**2 + 3*a - 2. Suppose 26 = -d - 16. Let s be (6 + d/12)/(10/24). What is y(s)?
16
Let i be (6 - 20/2) + 1 + 14. Let s(p) = -3*p + 5. What is s(i)?
-28
Suppose 210 = c + 214. Let u(y) = y**3 + 4*y**2 - y + 3. Calculate u(c).
7
Let t(z) be the second derivative of -z**7/2520 - z**6/720 + z**5/30 + 17*z**4/6 + 15*z. Let x(g) be the third derivative of t(g). Calculate x(-4).
-8
Let d(m) = 9*m - 18*m + 4*m**2 + 13*m + 5 - 12*m**2. Determine d(-1).
-7
Let b be -2*1*(-42)/4. Let x(m) = m**3 + 5*m**2 + 3. Let s be x(-6). Let o be 6/b + s/(-7). Let d(j) = -j**2 + 4*j + 5. What is d(o)?
0
Let p be ((-6)/9)/(1/3). Let g be p/(-6) - (-16)/(-3). Let r(d) = 16*d**2 + 6*d + 1. Let z(y) = -13*y**2 - 6*y - 1. Let m(l) = -4*r(l) - 5*z(l). Determine m(g).
-4
Let p(c) = -7*c + 23. Let h(y) = 24*y - 70. Let u(f) = -3*h(f) - 10*p(f). What is u(-14)?
8
Let p(l) = l**3 + 3*l**2 - 5*l - 4. Let d be -18 + 15 - (-3 + -1). Let m(x) = 4